{"id":8,"date":"2017-01-13T03:43:16","date_gmt":"2017-01-13T03:43:16","guid":{"rendered":"http:\/\/www.spanishcourses.com.ar\/sitio\/?page_id=8"},"modified":"2026-01-24T16:50:07","modified_gmt":"2026-01-24T16:50:07","slug":"contacto","status":"publish","type":"page","link":"https:\/\/www.spanishcourses.com.ar\/sitio\/es\/contacto\/","title":{"rendered":"Contacto"},"content":{"rendered":"\r\n<p><span style=\"font-size: 14pt;\"><img decoding=\"async\" class=\"emoji\" role=\"img\" draggable=\"false\" src=\"https:\/\/s.w.org\/images\/core\/emoji\/17.0.2\/svg\/2709.svg\" alt=\"\u2709\ufe0f\" \/>\u00a0<strong>Email<\/strong>:\u00a0<a href=\"mailto:info@spanishcourses.com.ar\" target=\"_blank\" rel=\"noreferrer noopener\">info@spanishcourses.com.ar<\/a><\/span><\/p>\r\n<p><span style=\"font-family: georgia, palatino, serif; font-size: 14pt;\">\r\n\r\n<\/span><\/p>\r\n<p><span style=\"font-size: 14pt;\"><img decoding=\"async\" class=\"emoji\" role=\"img\" draggable=\"false\" src=\"https:\/\/s.w.org\/images\/core\/emoji\/17.0.2\/svg\/1f4f1.svg\" alt=\"\ud83d\udcf1\" \/>\u00a0<strong>Celular y WhatsApp<\/strong>:\u00a0<a href=\"https:\/\/wa.me\/5492612542544\" target=\"_blank\" rel=\"noreferrer noopener\">+54 9 261 2542544<\/a><\/span><\/p>\r\n<p><span style=\"font-family: georgia, palatino, serif; font-size: 14pt;\">\r\n\r\n<\/span><\/p>\r\n<p><span style=\"font-size: 14pt;\"><img decoding=\"async\" class=\"emoji\" role=\"img\" draggable=\"false\" src=\"https:\/\/s.w.org\/images\/core\/emoji\/17.0.2\/svg\/1f4cd.svg\" alt=\"\ud83d\udccd\" \/> <strong>Direcci\u00f3n en la Ciudad de Mendoza, Argentina<\/strong>:<\/span><\/p>\r\n<p><span style=\"font-family: georgia, palatino, serif; font-size: 14pt;\">\r\n\r\n<\/span><\/p>\r\n<p><span style=\"font-family: georgia, palatino, serif; font-size: 14pt;\">Pueyrred\u00f3n 169, entre Belgrano y Rodr\u00edguez (s\u00f3lo con cita previa)<\/span><\/p>\r\n\r\n\r\n\r\n<p><iframe src=\"https:\/\/www.google.com\/maps\/embed?pb=!1m18!1m12!1m3!1d1184.388901829144!2d-68.85445138385727!3d-32.8992867319411!2m3!1f0!2f0!3f0!3m2!1i1024!2i768!4f13.1!3m3!1m2!1s0x967e08e2f487fcfd%3A0x3024f3ebda536c62!2sSP%20Spanish%20Courses%20-%20Centro%20SIELE%20Mendoza!5e0!3m2!1ses!2sar!4v1769272619600!5m2!1ses!2sar\" width=\"600\" height=\"450\" style=\"border:0;\" allowfullscreen=\"\" loading=\"lazy\" referrerpolicy=\"no-referrer-when-downgrade\"><\/iframe><\/p>\r\n","protected":false},"excerpt":{"rendered":"<p>\u00a0Email:\u00a0info@spanishcourses.com.ar \u00a0Celular y WhatsApp:\u00a0+54 9 261 2542544 Direcci\u00f3n en la Ciudad de Mendoza, Argentina: Pueyrred\u00f3n 169, entre Belgrano y Rodr\u00edguez (s\u00f3lo con cita previa)<\/p>\n","protected":false},"author":1,"featured_media":0,"parent":0,"menu_order":9,"comment_status":"closed","ping_status":"closed","template":"","meta":{"footnotes":""},"class_list":["post-8","page","type-page","status-publish","hentry"],"_links":{"self":[{"href":"https:\/\/www.spanishcourses.com.ar\/sitio\/wp-json\/wp\/v2\/pages\/8","targetHints":{"allow":["GET"]}}],"collection":[{"href":"https:\/\/www.spanishcourses.com.ar\/sitio\/wp-json\/wp\/v2\/pages"}],"about":[{"href":"https:\/\/www.spanishcourses.com.ar\/sitio\/wp-json\/wp\/v2\/types\/page"}],"author":[{"embeddable":true,"href":"https:\/\/www.spanishcourses.com.ar\/sitio\/wp-json\/wp\/v2\/users\/1"}],"replies":[{"embeddable":true,"href":"https:\/\/www.spanishcourses.com.ar\/sitio\/wp-json\/wp\/v2\/comments?post=8"}],"version-history":[{"count":25,"href":"https:\/\/www.spanishcourses.com.ar\/sitio\/wp-json\/wp\/v2\/pages\/8\/revisions"}],"predecessor-version":[{"id":1000,"href":"https:\/\/www.spanishcourses.com.ar\/sitio\/wp-json\/wp\/v2\/pages\/8\/revisions\/1000"}],"wp:attachment":[{"href":"https:\/\/www.spanishcourses.com.ar\/sitio\/wp-json\/wp\/v2\/media?parent=8"}],"curies":[{"name":"wp","href":"https:\/\/api.w.org\/{rel}","templated":true}]}}